 the units digit of 1490?
0
What is the hundreds digit of 936?
9
What is the ten thousands digit of 12768?
1
What is the hundreds digit of 12405?
4
What is the tens digit of 382?
8
What is the units digit of 1626?
6
What is the units digit of 470?
0
What is the units digit of 5923?
3
What is the ten thousands digit of 87319?
8
What is the hundreds digit of 26931?
9
What is the units digit of 201?
1
What is the tens digit of 25?
2
What is the tens digit of 573?
7
What is the tens digit of 1865?
6
What is the hundreds digit of 794?
7
What is the tens digit of 732?
3
What is the ten thousands digit of 23360?
2
What is the thousands digit of 186167?
6
What is the units digit of 778?
8
What is the hundreds digit of 18781?
7
What is the hundreds digit of 1064?
0
What is the tens digit of 44157?
5
What is the hundreds digit of 6789?
7
What is the units digit of 8191?
1
What is the units digit of 918?
8
What is the tens digit of 38588?
8
What is the thousands digit of 3760?
3
What is the tens digit of 4518?
1
What is the tens digit of 10323?
2
What is the hundreds digit of 301?
3
What is the hundreds digit of 9280?
2
What is the hundreds digit of 22335?
3
What is the units digit of 6842?
2
What is the hundreds digit of 2406?
4
What is the hundreds digit of 24491?
4
What is the tens digit of 7586?
8
What is the thousands digit of 1332?
1
What is the tens digit of 7851?
5
What is the thousands digit of 140544?
0
What is the thousands digit of 12012?
2
What is the ten thousands digit of 40139?
4
What is the ten thousands digit of 48349?
4
What is the hundreds digit of 3324?
3
What is the tens digit of 8404?
0
What is the units digit of 64797?
7
What is the units digit of 157?
7
What is the hundreds digit of 10886?
8
What is the units digit of 8278?
8
What is the thousands digit of 13921?
3
What is the units digit of 383?
3
What is the thousands digit of 6239?
6
What is the ten thousands digit of 31758?
3
What is the hundreds digit of 2965?
9
What is the units digit of 37779?
9
What is the units digit of 2126?
6
What is the hundreds digit of 2363?
3
What is the ten thousands digit of 33855?
3
What is the tens digit of 2760?
6
What is the hundreds digit of 3088?
0
What is the units digit of 1446?
6
What is the thousands digit of 4253?
4
What is the tens digit of 249?
4
What is the hundreds digit of 81744?
7
What is the tens digit of 26472?
7
What is the hundreds digit of 7781?
7
What is the thousands digit of 42223?
2
What is the thousands digit of 57784?
7
What is the hundreds digit of 7302?
3
What is the thousands digit of 5754?
5
What is the tens digit of 2275?
7
What is the units digit of 1125?
5
What is the ten thousands digit of 115117?
1
What is the thousands digit of 4185?
4
What is the tens digit of 39488?
8
What is the tens digit of 598?
9
What is the tens digit of 2862?
6
What is the units digit of 3431?
1
What is the tens digit of 821?
2
What is the thousands digit of 68969?
8
What is the hundreds digit of 1470?
4
What is the hundreds digit of 4309?
3
What is the tens digit of 27750?
5
What is the thousands digit of 82866?
2
What is the tens digit of 2203?
0
What is the hundreds digit of 6785?
7
What is the hundreds digit of 35334?
3
What is the tens digit of 189576?
7
What is the ten thousands digit of 35625?
3
What is the thousands digit of 44025?
4
What is the tens digit of 1836?
3
What is the units digit of 2490?
0
What is the tens digit of 2350?
5
What is the tens digit of 3843?
4
What is the units digit of 18104?
4
What is the thousands digit of 36543?
6
What is the tens digit of 18264?
6
What is the units digit of 3221?
1
What is the units digit of 515?
5
What is the ten thousands digit of 21780?
2
What is the thousands digit of 24930?
4
What is the hundreds digit of 560?
5
What is the tens digit of 546?
4
What is the units digit of 970?
0
What is the thousands digit of 2337?
2
What is the thousands digit of 9624?
9
What is the hundreds digit of 6358?
3
What is the tens digit of 430?
3
What is the units digit of 5414?
4
What is the tens digit of 261?
6
What is the units digit of 686?
6
What is the tens digit of 6615?
1
What is the tens digit of 5512?
1
What is the tens digit of 694?
9
What is the tens digit of 2345?
4
What is the thousands digit of 36645?
6
What is the units digit of 4716?
6
What is the hundreds digit of 970?
9
What is the units digit of 1304?
4
What is the hundreds digit of 1666?
6
What is the tens digit of 68686?
8
What is the units digit of 87?
7
What is the hundreds digit of 897?
8
What is the units digit of 6338?
8
What is the tens digit of 15645?
4
What is the hundreds digit of 6407?
4
What is the tens digit of 938?
3
What is the units digit of 3226?
6
What is the units digit of 3833?
3
What is the hundreds digit of 78601?
6
What is the hundreds digit of 12616?
6
What is the thousands digit of 2299?
2
What is the thousands digit of 1530?
1
What is the units digit of 32470?
0
What is the units digit of 19287?
7
What is the thousands digit of 6462?
6
What is the hundreds digit of 12751?
7
What is the hundreds digit of 1527?
5
What is the ten thousands digit of 14509?
1
What is the hundreds digit of 1698?
6
What is the units digit of 13353?
3
What is the units digit of 14589?
9
What is the hundreds digit of 1837?
8
What is the thousands digit of 68870?
8
What is the tens digit of 5024?
2
What is the thousands digit of 1018?
1
What is the units digit of 46526?
6
What is the tens digit of 76?
7
What is the tens digit of 15679?
7
What is the units digit of 28?
8
What is the hundreds digit of 51985?
9
What is the hundreds digit of 5704?
7
What is the units digit of 36?
6
What is the units digit of 6156?
6
What is the tens digit of 737?
3
What is the hundreds digit of 31330?
3
What is the tens digit of 32027?
2
What is the ten thousands digit of 38808?
3
What is the tens digit of 10243?
4
What is the ten thousands digit of 29749?
2
What is the units digit of 69079?
9
What is the thousands digit of 1493?
1
What is the tens digit of 655?
5
What is the hundreds digit of 3672?
6
What is the tens digit of 1541?
4
What is the thousands digit of 37677?
7
What is the tens digit of 6890?
9
What is the hundreds digit of 444?
4
What is the hundreds digit of 4548?
5
What is the tens digit of 39930?
3
What is the units digit of 1246?
6
What is the ten thousands digit of 56232?
5
What is the units digit of 7079?
9
What is the hundreds digit of 7299?
2
What is the units digit of 17986?
6
What is the tens digit of 1129?
2
What is the tens digit of 161?
6
What is the hundreds digit of 51924?
9
What is the tens digit of 514?
1
What is the tens digit of 2103?
0
What is the units digit of 1553?
3
What is the tens digit of 503?
0
What is the units digit of 1816?
6
What is the units digit of 1905?
5
What is the units digit of 918?
8
What is the hundreds digit of 1718?
7
What is the thousands digit of 7369?
7
What is the units digit of 10739?
9
What is the hundreds digit of 33339?
3
What is the tens digit of 4026?
2
What is the thousands digit of 2180?
2
What is the hundreds digit of 967?
9
What is the tens digit of 1641?
4
What is the thousands digit of 99021?
9
What is the units digit of 28?
8
What is the hundreds digit of 9216?
2
What is the units digit of 25255?
5
What is the hundreds digit of 395?
3
What is the thousands digit of 1072?
1
What is the tens digit of 82?
8
What is the units digit of 1661?
1
What is the thousands digit of 1320?
1
What is the units digit of 876?
6
What is the hundreds digit of 1902?
9
What is the units digit of 1584?
4
What is the tens digit of 362?
6
What is the tens digit of 42465?
6
What is the units digit of 7329?
9
What is the units digit of 11257?
7
What is the tens digit of 6114?
1
What is the hundreds digit of 2564?
5
What is the units digit of 716?
6
What is the thousands digit of 23229?
3
What is the tens digit of 49793?
9
What is the thousands digit of 107381?
7
What is the ten thousands digit of 159101?
5
What is the ten thousands digit of 114760?
1
What is the ten thousands digit of 39619?
3
What is the tens digit of 5966?
6
What is the tens digit of 18879?
7
What is the thousands digit of 17311?
7
What is the tens digit of 156975?
7
What is the tens digit of 42443?
4
What is the thousands digit